the prime factors of j.
5
Let k = -9 - -27. Suppose 4*a - k = 2*a. Suppose -1 - a = -5*q. List the prime factors of q.
2
Let h(l) = 26*l**2 + l. Let z be h(-1). Suppose 2*y - z = 3*p, 0*y + y = 5*p + 9. What are the prime factors of y?
2, 7
Let s = -16 - -22. Let k(y) = y**2 - 2*y - 7. List the prime factors of k(s).
17
Suppose -3 - 1 = -u. Let y = 2 - u. List the prime factors of 2/(12/(-39))*y.
13
What are the prime factors of ((-1665)/(-10))/((-3)/(-4))?
2, 3, 37
Suppose -15 = -5*k + 5*c + 5, -5*k + 18 = -4*c. Suppose -3*j + k*j = -30. What are the prime factors of j/5 + 1*2?
2
Let v = 103 - -28. What are the prime factors of v?
131
Let d = -11 - -11. Suppose d*s - 48 = -3*s. What are the prime factors of s?
2
Let t be (32/6)/((-4)/12). Let f = t - -24. List the prime factors of f.
2
Let i(q) = -q**3 + 8*q**2 + 5*q + 2. List the prime factors of i(6).
2, 13
Suppose -2*v + 0 = -8. Suppose -v = f, 3*q + 2*f + 0*f = 7. What are the prime factors of q?
5
Suppose 2*q - q = 3. Suppose -y + q*y = -42. Let a = y + 30. List the prime factors of a.
3
Let z(w) = w**3 + 17*w**2 + 15*w - 18. Let b be z(-16). List the prime factors of (b - 8/(-3))*60.
2, 5
Let v(l) = -5*l. List the prime factors of v(-6).
2, 3, 5
Let m be 6/(-4)*28/21. Let x be (m - (-4)/3)*-3. Suppose 0 - 4 = o, -x*o + 2 = 2*y. What are the prime factors of y?
5
Suppose 2*d - 150 = -3*d. Suppose -5*w = -2*i + 35, -5*i + 150 - 10 = -2*w. Suppose -i - d = -5*f. What are the prime factors of f?
2, 3
Let j(b) = -b + 6. Let d be j(2). Suppose -6*y = -d*y - 42. What are the prime factors of y?
3, 7
Let m(y) = 2*y + 1. Let n be m(-1). Let q(d) be the second derivative of -d**5/2 + d**3/6 + 3*d. List the prime factors of q(n).
3
Let x be (0 - 3)/(1/(-3)). Let u = 2 + -1. Suppose -5*r + x = -u. What are the prime factors of r?
2
List the prime factors of (-591)/(-5) - 44/(-55).
7, 17
Let m(d) = 4*d**2 - 7*d + 14. What are the prime factors of m(8)?
2, 107
Suppose 0 = 2*l - 4*r + 1 - 11, 4*l = 5*r + 11. List the prime factors of -5*(-2 + 1/l).
3, 5
Let z(j) = -2*j - 5. Let x be z(-4). Suppose -125 = -2*v - x*v. What are the prime factors of v?
5
Let v(k) = k**2 - 13*k + 3. List the prime factors of v(15).
3, 11
List the prime factors of (-3)/(6/(-362)) + (11 - 7).
5, 37
Suppose -54 = -n + 18. Suppose n = 4*w - w. Suppose i + i = w. List the prime factors of i.
2, 3
List the prime factors of (-3)/15 + 331/5.
2, 3, 11
List the prime factors of 105/(-6)*(-5 + 3).
5, 7
What are the prime factors of (200/140)/(2/7)?
5
Suppose -5*o = 3*t + 37, -2*t + 3*o = 2*t + 88. Let v = t + 5. Let h = -8 - v. What are the prime factors of h?
2, 3
Suppose 33 = -0*r + 3*r. List the prime factors of r.
11
Suppose r - g - 4 = 0, -g + 12 = 4*r - 3*g. Suppose -5*o + 5 + 0 = 0, 0 = 4*k - r*o - 134. List the prime factors of k.
2, 17
Let i be 39/2*4/(-3). List the prime factors of (-5)/(-1)*i/(-10).
13
List the prime factors of (12/4)/1 - 1.
2
Let c = 61 + -43. List the prime factors of c.
2, 3
Suppose 0 = 3*r - 60 + 6. Suppose 3*g - r = -0*g. List the prime factors of g.
2, 3
Suppose 0*x + 40 = 4*x + l, -x + 2*l + 10 = 0. What are the prime factors of x?
2, 5
Let v = -4 - -9. Suppose 0 = v*d - 15, 0*f - d - 9 = -4*f. What are the prime factors of f?
3
Suppose 27 + 78 = 5*f. What are the prime factors of 826/f + (-2)/6?
3, 13
Suppose -3*o + 4*q + 541 = 0, -2*q = 2*o + 115 - 457. What are the prime factors of o?
5, 7
Let c be (-3)/3*12 - 1. Suppose -4*f = -3*i - 15 + 100, 0 = -3*i + 3*f + 81. Let w = i + c. What are the prime factors of w?
2, 5
Let k = -6 - 12. Let s = 47 + k. List the prime factors of s.
29
Suppose 3*h = 4*b - 63, 0*h = -h + 3. Suppose 3*m - b = -0*m. List the prime factors of m.
2, 3
Let l = 27 + 34. What are the prime factors of l?
61
Suppose -o + 16 = -4*j, -4 = -5*j - 24. Suppose 4*m = -o*m + 116. List the prime factors of m.
29
Let w be ((-195)/10)/((-6)/(-8)). Let o be 1*w/(-4)*2. Let f = -8 + o. List the prime factors of f.
5
Let j = 93 - 47. What are the prime factors of j?
2, 23
Suppose a + 19 = -14. Let l = a + 48. What are the prime factors of l?
3, 5
Suppose 0 = -3*u + 24. Suppose -z + 10 = -u. List the prime factors of z.
2, 3
Let x(l) = 70*l**2 + 1. What are the prime factors of x(1)?
71
Suppose 39 = 2*v - 5*v. Suppose -3*m = -3*x + 6, -2*m + 26 = x + 3*x. Let f = x - v. What are the prime factors of f?
2, 3
Let f(c) = -2*c + 3. Let u be f(6). Let l be u/6 - 3/(-6). What are the prime factors of l - -6 - (-1 - -2)?
2
Let n = -36 - -22. Let c = n - -31. List the prime factors of c.
17
Let r(j) = j**3 + 4*j**2 + 2*j - 1. Let n be r(-2). Let v(z) = z. Let d be v(n). Suppose 0*y - 69 = -d*y. What are the prime factors of y?
23
What are the prime factors of -5 + 9 - 54/(-2)?
31
Let n be -90*(0 + (0 - 1)). Suppose -4*i = i - n. List the prime factors of i.
2, 3
Let g(t) = -t**3 + 4*t**2 - 2*t + 5. Let p be g(4). Suppose 5*c + 0*c = -50. List the prime factors of c/4*(1 + p).
5
Let p(g) be the third derivative of -g**5/60 + g**4/3 - g**3 - 3*g**2. List the prime factors of p(4).
2, 5
Let u be (-6)/10 + (-6)/(-10). Suppose 5*c + u = 10. List the prime factors of c.
2
Let l = 52 - 35. Let r = l + -12. Let m(y) = 2*y + 2. What are the prime factors of m(r)?
2, 3
Suppose p + 3*p - 16 = 0. Suppose -3*w = -2*z + p, -z = -3*w - 1 + 2. Let s = 4 + z. List the prime factors of s.
3
Suppose 2*h = -4*k - 94, -h = -2*k - k + 22. List the prime factors of (-5)/(-10) + h/(-2).
19
Suppose 0 = -i - 2*i - 12, -3*i - 10 = a. Suppose 2*s + 2*s + a = -5*g, s = -g. Suppose -s*r - 9 = -29. What are the prime factors of r?
2, 5
Let n be (-1 + 4)/((-3)/(-2)). Suppose -n*f + 48 + 12 = 0. List the prime factors of f.
2, 3, 5
Let g(o) = 4*o**2. Let z be g(-1). Suppose -z*k + k + d - 20 = 0, 0 = d + 4. What are the prime factors of (12/k)/((-1)/2)?
3
Let z be 7*(1 - (-3 + 3)). Let q = z + 5. What are the prime factors of q?
2, 3
What are the prime factors of ((-1)/3)/(3/(-99))?
11
Suppose 3*l + 0 + 3 = 0. Let o(g) = -13*g. What are the prime factors of o(l)?
13
Suppose p + 4*p - 30 = 0. Let n be (-1 - -29)*(-1)/(-2). Suppose p = -c - 5*h - n, -25 = -3*c + 2*h. What are the prime factors of c?
5
Suppose -9 = 5*x + h, 0*h + 1 = 3*x - h. Let s = x + 5. Suppose 4*d - s = 2*d. List the prime factors of d.
2
Let d(b) = b**2 - 2*b + 1. Let a be d(3). Suppose -4*m + a*r - 9 + 81 = 0, -2*m - 2*r = -52. What are the prime factors of m?
2, 11
Let f(y) = y**3 - 5*y**2 - y - 1. Let n be f(5). Let d = -4 - n. What are the prime factors of d?
2
Suppose 65 = 5*n - c, -4*c + 11 - 31 = 0. What are the prime factors of n?
2, 3
Let p = 0 + 5. Suppose 0 = -5*b + 10, 0 = -p*s + 3*s + 3*b. List the prime factors of s.
3
Suppose -4*s - 24 = 12. Let p = -4 - s. List the prime factors of p.
5
Let c be 578/(-14) + 10/35. Let b = c + 57. What are the prime factors of b?
2
Suppose -5*w = -8 - 2. Suppose 0 = 5*v - 2*v - 48. Suppose -v = -w*s - 3*x, 2*s = 2*x - 0*x - 4. List the prime factors of s.
2
Suppose -18 - 7 = -l. What are the prime factors of l?
5
Suppose 0 = 3*a + 1 - 13. Suppose -a*z + 17 + 151 = 0. Let o = 59 - z. What are the prime factors of o?
17
Let u(w) be the second derivative of w**5/20 - w**4/6 - w**3/3 - 2*w**2 + 6*w. What are the prime factors of u(4)?
2, 5
Let s = 8 + -5. Suppose -2*b = s*d + 5, -4*b + 5*d = 3*d - 14. List the prime factors of b.
2
Suppose 0 = 5*b + 4 + 1. Let p(m) = 0*m**3 - 5*m - 3*m**3 + m**2 + 1 + 6*m. What are the prime factors of p(b)?
2
Let y be ((-116)/6)/(2/(-3)). Suppose -7*f = -2*f - 5*i - 50, -2*i + y = 5*f. What are the prime factors of (-3)/(4 + -1) + f?
2, 3
What are the prime factors of (-4)/7 - 246/(-14)?
17
Suppose -x - 55 = -6*x. Suppose 6*b = x + 31. What are the prime factors of b?
7
Suppose x = 5*j + 24, -3*x + 7 = -0*x - 2*j. Let m(p) = -6*p**3 + p**2. Let f be m(x). Let k = 15 - f. What are the prime factors of k?
2
Let i(p) = -22*p + 14. What are the prime factors of i(-2)?
2, 29
Let c(t) be the second derivative of -5*t**3/6 - 9*t**2 + 5*t. List the prime factors of c(-16).
2, 31
Let y = 25 + -21. Suppose 5*l - 60 = y*t, -4*l - 4*t + 10 = -74. List the prime factors of l.
2
Let x(f) = -f - 5. Let k(u) = -2*u - 4. Let z(r) = -3*k(r) + 4*x(r). Let d be z(6). Suppose 0 = -3*m - i + 22, 2*m 